{"id":51,"date":"2026-02-27T21:47:16","date_gmt":"2026-02-27T21:47:16","guid":{"rendered":"http:\/\/dev.flugplatzfest.info\/?page_id=51"},"modified":"2026-03-02T18:17:12","modified_gmt":"2026-03-02T18:17:12","slug":"anfahrt","status":"publish","type":"page","link":"https:\/\/flugplatzfest.info\/?page_id=51","title":{"rendered":"ANFAHRT"},"content":{"rendered":"\n<iframe style=\"margin: 0 auto;\" src=\"https:\/\/www.google.com\/maps\/embed?pb=!1m18!1m12!1m3!1d531.1946696931983!2d12.455849304749297!3d50.705060187135295!2m3!1f0!2f0!3f0!3m2!1i1024!2i768!4f13.1!3m3!1m2!1s0x47a72c9479237c93%3A0xe96a83e988faf462!2sAero-Club%20Zwickau%20e.V.!5e0!3m2!1sde!2sde!4v1772398763243!5m2!1sde!2sde\" width=\"100%\" height=\"450\" align=\"center\" style=\"border:0;\" allowfullscreen=\"\" loading=\"lazy\" referrerpolicy=\"no-referrer-when-downgrade\"><\/iframe>\n\n\n\n<details class=\"wp-block-details has-large-font-size is-layout-flow wp-block-details-is-layout-flow\"><summary>Anreise mit der Bahn<\/summary>\n<p class=\"has-medium-font-size\">Kommen Sie mit der Bahn nach Zwickau, so steigen Sie am Zwickauer Hauptbahnhof aus.<br>Von dort k\u00f6nnen Sie mit unserem kostenlosen Kleinbusshuttle direkt zum Flugplatz fahren.<\/p>\n<\/details>\n\n\n\n<details class=\"wp-block-details has-large-font-size is-layout-flow wp-block-details-is-layout-flow\"><summary>Anreise mit dem Flugzeug<\/summary>\n<p class=\"has-medium-font-size\">Am besten kommen Sie nat\u00fcrlich mit dem Flugzeug zum Flugplatzfest. F\u00fcr alle anfliegenden Maschinen entfallen w\u00e4hrend des Flugplatzfestes die Landegeb\u00fchren. Bitte beachten Sie das Landeverbot w\u00e4hrend der Airshow.<\/p>\n<\/details>\n\n\n\n<details class=\"wp-block-details has-large-font-size is-layout-flow wp-block-details-is-layout-flow\"><summary>Anreise zu Fu\u00df oder mit dem Rad<\/summary>\n<p class=\"has-medium-font-size\">Der Eingang f\u00fcr alle, die nicht motorisiert unterwegs sind, befindet sich am Haupteingang zum Flugplatz an der Reichenbacher Stra\u00dfe (gro\u00dfes blaues Tor.)<\/p>\n<\/details>\n\n\n\n<details class=\"wp-block-details has-large-font-size is-layout-flow wp-block-details-is-layout-flow\"><summary>Anreise mit dem Auto<\/summary>\n<p class=\"has-medium-font-size\">In Zwickau verfahren? Generell gilt: Halten Sie sich bei Ausschilderungen in Zwickau einfach stur Richtung Reichenbach.<\/p>\n\n\n\n<p class=\"has-medium-font-size\">Adresse f\u00fcr das Navigationsger\u00e4t:<br>Reichenbacher Stra\u00dfe 131<br>08056 Zwickau<\/p>\n\n\n\n<p class=\"has-medium-font-size\">Von der Autobahn A4:<br>Fahren Sie an der BAB-Abfahrt Meerane auf die B 93 Richtung Zwickau. Die autobahn\u00e4hnliche Stra\u00dfe endet an einer gro\u00dfen Ampelkreuzung. Dort fahren Sie gerade aus. An der \u00fcbern\u00e4chsten gro\u00dfen Ampelkreuzung fahren Sie rechts. Es geht \u00fcber die Mulde und Sie fahren immer geradeaus \u00fcber mehrere Kreuzungen. Wenn es nicht mehr geradeaus geht, fahren Sie links auf die Crimmitschauer Stra\u00dfe. Dieser folgen Sie bis zu einer Kreuzung, an der Reichenbach ausgeschildert ist. Dort biegen Sie rechts auf die Reichenbacher Stra\u00dfe ein. Auf dieser Stra\u00dfe geht es einige Kilometer stadtausw\u00e4rts. Nach einer gro\u00dfen Kreuzung (mit Blitz-Kasten) sehen Sie linker Hand den Flugplatz mit seinem Turm.<\/p>\n\n\n\n<p class=\"has-medium-font-size\">Von der Autobahn A72:<br>Fahren Sie an der BAB-Abfahrt Zwickau-West ab, biegen Sie aus Rtg. Hof kommend rechts und aus Rtg. Chemnitz kommend links auf die Schnellstra\u00dfe. Folgen Sie der Schnellstra\u00dfe bis zur Abfahrt \u201eZwickau \u00fcber B 173\u201c. Fahren Sie rechts auf die Reichenbacher Str. Richtung Zwickau. Die Einfahrt zu den Parkpl\u00e4tzen kommt rechts nach der ersten Gartenanlage (ca.1,1km nach der Abfahrt).<\/p>\n<\/details>\n","protected":false},"excerpt":{"rendered":"","protected":false},"author":1,"featured_media":0,"parent":0,"menu_order":0,"comment_status":"closed","ping_status":"closed","template":"","meta":{"footnotes":""},"class_list":["post-51","page","type-page","status-publish","hentry"],"_links":{"self":[{"href":"https:\/\/flugplatzfest.info\/index.php?rest_route=\/wp\/v2\/pages\/51","targetHints":{"allow":["GET"]}}],"collection":[{"href":"https:\/\/flugplatzfest.info\/index.php?rest_route=\/wp\/v2\/pages"}],"about":[{"href":"https:\/\/flugplatzfest.info\/index.php?rest_route=\/wp\/v2\/types\/page"}],"author":[{"embeddable":true,"href":"https:\/\/flugplatzfest.info\/index.php?rest_route=\/wp\/v2\/users\/1"}],"replies":[{"embeddable":true,"href":"https:\/\/flugplatzfest.info\/index.php?rest_route=%2Fwp%2Fv2%2Fcomments&post=51"}],"version-history":[{"count":6,"href":"https:\/\/flugplatzfest.info\/index.php?rest_route=\/wp\/v2\/pages\/51\/revisions"}],"predecessor-version":[{"id":121,"href":"https:\/\/flugplatzfest.info\/index.php?rest_route=\/wp\/v2\/pages\/51\/revisions\/121"}],"wp:attachment":[{"href":"https:\/\/flugplatzfest.info\/index.php?rest_route=%2Fwp%2Fv2%2Fmedia&parent=51"}],"curies":[{"name":"wp","href":"https:\/\/api.w.org\/{rel}","templated":true}]}}